 factors of s.
5, 43
Suppose 0 = -7*n - 6*n + 4355. What are the prime factors of n?
5, 67
Let a = 1710 + 117. List the prime factors of a.
3, 7, 29
Let k = 543 + 110. List the prime factors of k.
653
Let q = -63 + 78. What are the prime factors of (10/q)/(2/366)?
2, 61
Let n = -6 - -4. Let j be (-1683)/(-15) + n/10. List the prime factors of 2/(-6) + j/12.
3
Suppose 5*w + 5 - 1 = 4*c, -5*c - 8 = -3*w. Let i(b) = 12 - 5 - 2 - 8 - 6*b. What are the prime factors of i(w)?
3, 7
Suppose n + 4*l = 1679, 38*l - 33*l = 5*n - 8270. List the prime factors of n.
3, 7, 79
Let h(w) = 8*w**3 + 16*w**2 - 47*w - 11. What are the prime factors of h(5)?
2, 577
Suppose x = -4*t + 4444, 4*x + 586 = -4*t + 5042. Suppose 0 = 13*p - 3*p - t. What are the prime factors of p?
3, 37
Suppose -4*a - 61 = -185. Suppose 0*h = -h + 1. Let b = a - h. What are the prime factors of b?
2, 3, 5
Let w(p) = 2*p**2 + 6*p - 105. List the prime factors of w(27).
3, 5, 101
Suppose -2*w + 5*f = -4*w + 20, -4 = 3*w - f. What are the prime factors of 273*1/2*(w - -2)?
3, 7, 13
List the prime factors of 107 + (-8)/(14/7).
103
Suppose -3*i + 629 + 2947 = -2*z, 3576 = 3*i - z. List the prime factors of i.
2, 149
Suppose -o + 7*n - 6*n + 715 = 0, -5*n - 2143 = -3*o. What are the prime factors of o?
2, 179
Suppose 0 = -4*n - 4*d + 13956, 36*d = 5*n + 35*d - 17421. What are the prime factors of n?
5, 17, 41
Suppose -i - i - 4 = -k, 0 = -4*k + 2*i + 4. Suppose k = 2*n - 31 - 33. Suppose -n = 2*c - 120. What are the prime factors of c?
2, 11
Let s(x) = -x**3 - 6*x**2 + 6*x + 2. Let j be s(-7). Suppose 0 = -4*o + o + j. Suppose -o*r = -147 + 9. List the prime factors of r.
2, 23
Suppose -2*s = -2*b + 36, -4*b - 5*s + 51 = 6. Suppose 3 = 3*r - b. Suppose -76 = 2*w - r*w. List the prime factors of w.
19
Suppose 2*n + 2 = 0, 5 = y + n - 3. Let v = -4 + 1. Let f = v + y. List the prime factors of f.
2, 3
Let c be (-16 - -20)*5/(-4). What are the prime factors of ((-2)/c)/(8/1840)?
2, 23
Let k(n) = -n**3 + 23*n**2 - 2*n + 5. Let r be k(23). Let x = r + 113. What are the prime factors of x?
2, 3
Suppose 4*r - 35 = -5*a, 102 - 27 = 5*a - 4*r. Suppose 6*u = 5*u + a. Suppose -4*n = u - 27. What are the prime factors of n?
2
Suppose -y - 25 = 4*y. Let c(m) = -10*m - 8. Let s be c(y). Suppose -4*x = -118 + s. What are the prime factors of x?
19
Let o(y) = 23*y + 2. Let r(q) = -12*q - 1. Let a(s) = 2*o(s) + 5*r(s). Let w(c) = c. Let t(p) = -a(p) + 6*w(p). List the prime factors of t(1).
3, 7
Suppose f = -5*n - 10, n = -f - n - 10. What are the prime factors of (136/(-10))/(4/f)?
2, 17
Suppose -i + 2*o - 18 = -3*i, -3*o - 3 = -2*i. Suppose -7*h = -i*h - 108. Suppose h = y + y. What are the prime factors of y?
2, 3
Let l = -118 + 665. What are the prime factors of l?
547
Suppose 2*t = y + 5, -1 + 5 = 2*t - 2*y. Suppose 355 = 5*v + 7*u - 2*u, 5*u = t*v - 173. List the prime factors of v.
2, 3, 11
Suppose -94 - 58 = -8*n. Suppose -3 + n = k. What are the prime factors of k?
2
What are the prime factors of 64/16 + 1720 + 3?
11, 157
Let i be -4 + 7 - (-1 + 4). Suppose i = -4*s - 5*u + 25, -s + 4*u - 20 = -0*s. Suppose 3*a = -s*a + 15. What are the prime factors of a?
5
Suppose 7629 = 5*c - 2571. What are the prime factors of c?
2, 3, 5, 17
Suppose -3*j + 6*j + 4*i = 1798, 0 = -j - i + 600. Suppose 4*u + 2*c = j, -u + 2*u - 4*c = 128. Suppose -x + u = 3*x. What are the prime factors of x?
37
What are the prime factors of (-805)/3*(20 + -26)?
2, 5, 7, 23
Let w be 4/(-24) + (-669)/(-18). Let j = w - 25. What are the prime factors of j?
2, 3
Let n be (-16)/10*(-45)/6. Let v be (3/2)/(n/8). List the prime factors of (1*90)/3 - v.
29
Let c = 11 - -8. Let l be 1 - (2 - (-1)/(-1)). Suppose a - c = -x, -5*a = -3*x - l*x + 41. What are the prime factors of x?
17
Suppose 0*i + 2*i - 203 = -3*j, -2*i - 252 = -4*j. Suppose 0 = -j*x + 62*x + 237. List the prime factors of x.
79
Suppose -4*s + 21 = -s. What are the prime factors of 13 + (2 - 4) + -10 + s?
2
Let o be (2 - (3 - 1)) + 0. Let y be 2/(-1) - (-37 + o). Let x = y + -19. List the prime factors of x.
2
Let v(f) = f**3 - 16*f**2 + f - 16. Let t be v(16). Suppose t = -10*o - 0*o + 510. List the prime factors of o.
3, 17
Suppose -2*f + 6*f = -24. Let w be f + 9 - (-4)/1. Suppose w*n - 64 = -n. What are the prime factors of n?
2
Suppose 79 = 5*i - 446. Let g = -42 + i. What are the prime factors of g?
3, 7
Let f(x) = -2*x - 12. Let t be f(-17). What are the prime factors of 50*4 - 1 - (t - 25)?
2, 101
Let i be -1 + 3 + -2 - -2. Suppose -2*j - 108 = 4*c, -i*c = -0*j + 3*j + 54. List the prime factors of 6/c - (-238)/18.
13
Let h be ((-161)/(-28))/((-4)/(-16)). Suppose -17*z - 1476 = -h*z. List the prime factors of z.
2, 3, 41
Let d(x) = -3*x + 29. Let j be d(7). Suppose j*o - 10*o = -266. List the prime factors of o.
7, 19
List the prime factors of (-336)/24*(-276)/14.
2, 3, 23
Suppose 807 = -59*f + 62*f. List the prime factors of f.
269
Suppose 0 = 4*p + 2*r - 146, 99 = 2*p + p + 5*r. Let x = p + 64. Suppose -4*h + x = -2. List the prime factors of h.
2, 13
Suppose 3*u - 3*o = -2*o + 14, 3*o = -15. Suppose 0 = -2*g + u*x + 217, 3*x + 0*x = -5*g + 595. Suppose g = 3*j - 70. What are the prime factors of j?
2, 31
Let k be (6/(-4))/((-7)/42). Let h(n) = 13 + 2*n**2 + 5*n**2 + 9*n - 8*n**2. List the prime factors of h(k).
13
Let x = -13 - -6. Let q(y) be the third derivative of y**6/120 + 2*y**5/15 + y**4/4 + 5*y**3/3 - 13*y**2. List the prime factors of q(x).
17
Let t(j) be the first derivative of -14*j**2 + j - 2. Let g be (-2)/11 + 180/(-220). What are the prime factors of t(g)?
29
Let b = 258 - 6. What are the prime factors of b?
2, 3, 7
Let r be (-36)/(-48)*(4 + 0). Suppose -7*a + r*a = -40. Suppose 3*n = 2*n + a. List the prime factors of n.
2, 5
Let k(t) = -2*t**2 - 68*t - 65. List the prime factors of k(-31).
11
Let h(r) = -10*r + 392. What are the prime factors of h(36)?
2
Suppose 2*u + 432 = 2*j - 40, -3*u + 684 = 3*j. List the prime factors of j.
2, 29
Suppose o + y - 17 = 5*y, 0 = 4*o + 3*y - 163. Suppose p + d = 23, -p + o = p - d. List the prime factors of p.
2, 5
Suppose -x = 2*x - 2*b - 2363, -5*x = b - 3934. What are the prime factors of x?
787
Suppose -3*w = 2*x - 1179, -4*w + 1182 = -4*x + 6*x. What are the prime factors of x?
3, 5, 13
Let b(x) be the third derivative of x**3/6 + 5*x**2. Let o(p) = -2*p**2 - 2*p - 3. Let u(r) = -6*b(r) - o(r). List the prime factors of u(-5).
37
What are the prime factors of (558/(-8))/((-102)/2176)?
2, 3, 31
Suppose 51*q = 49*q + 4. Suppose -5*n + 92 = v, q*v - 152 = -0*v - 2*n. List the prime factors of v.
2, 3
Suppose -n + 12 = 4*o + n, 5*n - 15 = -5*o. Suppose 0 = 2*j - 8, -o*g + 2*j - 4*j = -83. What are the prime factors of g?
5
Let m = -34 + 58. Suppose 0 = -5*g + m - 4. List the prime factors of g - 2 - 6 - -20.
2
Let c be 32/(4/1) - -3. Suppose 6 = -5*z + c. List the prime factors of z + 0 + 42/6.
2
Suppose 3*m + s = 3044, -3040 = -3*m + s - 0*s. What are the prime factors of m?
2, 3, 13
Suppose 494 = 3*p + 2*f, 0 = -6*p + 4*p - 3*f + 331. Let l = p + -102. What are the prime factors of 3/1*l/6?
31
Suppose 23*x - 69680 = -29*x. What are the prime factors of x?
2, 5, 67
Let a(p) = 7*p**2 - 3*p + 213. What are the prime factors of a(17)?
5, 19, 23
Suppose -34*x + 22836 = -x. What are the prime factors of x?
2, 173
Suppose -2*m + 135 = -21. Suppose -10*l + m + 162 = 0. What are the prime factors of l?
2, 3
Let d be (312/(-18))/((-4)/6). Suppose 3*u + 11 = d. Suppose -7*o + 230 = -2*o - u*f, -3*o + f + 128 = 0. What are the prime factors of o?
41
Suppose 4*i - 20 = -5*j, -j = -2*j + 4. Suppose i*p - p = -17. What are the prime factors of p?
17
Suppose 10 = 4*r - 2*j, 4*j = r + 2*j + 2. What are the prime factors of r?
2
Let q(p) = -63*p - 237. What are the prime factors of q(-31)?
2, 3, 11, 13
Let x(s) = 570*s**3 + 2*s**2 - 2*s + 1. Let l be x(1). Let f = l + -362. List the prime factors of f.
11, 19
Suppose -22*c = -19*c + 21. Let m(p) = 3*p**2 + 6*p - 7. List the prime factors of m(c).
2, 7
Let s be 3 + (-3 + 2)*1. Suppose 4*x + 3*a - 7 = s*x, 2*x - 4*a - 14 = 0. Suppose -7 = -4*m - 5*h, 3*m - x*h - 44 = -h. What are the prime factors of m?
2
Let u(i) = -i + 6. Let f(g) = -2*g + 10. Let j be f(-4). Suppose 5*q + j